?
2, 3, 11, 19
Suppose 5*l + 12*h = 14*h + 302674, -40*h + 302800 = 5*l. What are the prime factors of l?
2, 7, 23, 47
Let q be (283*-1)/(16/(-32)). Let y = q + -303. List the prime factors of y.
263
Let z(i) = -244*i - 20. Suppose -15 = 4*d - c, 2 = 2*d + 4*c - 4. What are the prime factors of z(d)?
2, 89
Let w(u) = -142*u + 171. Suppose 37*q - 29*q + 40 = 0. What are the prime factors of w(q)?
881
Suppose -4*i + 4*z = -480, 5*i + 5*z = 628 - 58. Suppose -114*x = -i*x + 1407. What are the prime factors of x?
7, 67
Let i = 60 - 55. Suppose i*d - 9 = 6. Suppose -8*p + 5*p + 321 = d*n, -5*n = -4*p + 392. List the prime factors of p.
103
Let a be 42/(-147) + (-72)/(-7). Suppose -a*l - 1017 = -4567. Suppose l = 4*u - s, 3*s = u + 3*u - 353. What are the prime factors of u?
89
Suppose -21*a - 3 = -3. Suppose -3*x + 3*o + 379 + 1511 = a, -5*x + 3105 = 4*o. What are the prime factors of x?
5
Suppose 0 = v - 4*g + 12, -4*v + v - g + 16 = 0. Suppose -v = l + 2*m, 4*l + 6 = -4*m + m. Suppose -i + 0*i + 183 = l. What are the prime factors of i?
3, 61
Suppose 846624 = -3203*c + 3219*c. What are the prime factors of c?
2, 3, 8819
Let f(t) = -4 - 4*t - 11*t - 9 + 14. Let x = -10 + 1. List the prime factors of f(x).
2, 17
Let l(w) = -2*w**2 - 7*w + 204. Suppose t + 5 = -3*p, 8*t + 25 = -5*p + 3*t. List the prime factors of l(p).
2, 3, 17
What are the prime factors of (-9)/30 - (-12)/40 - -8841?
3, 7, 421
Suppose 2*v + 414 = 4*k + 8, 3*k - v = 305. Suppose -l = -k + 107. Let j = l + 181. What are the prime factors of j?
2, 11
Let y be ((-3)/(-4) + 624/(-64))/(-1). Suppose y*n - 3600 = 4*n. List the prime factors of n.
2, 3, 5
Let f(h) be the second derivative of 2*h**3 - 4*h**2 - 25*h. Let g be f(24). Suppose 4*x + 3*p = 4*p + g, x - 4*p - 85 = 0. List the prime factors of x.
3, 23
Let i = 61218 - 8004. What are the prime factors of i?
2, 3, 7, 181
Let z(k) = -41*k - 230. Let v be z(-7). Suppose 38*o + 15941 = v*o. List the prime factors of o.
839
Suppose -75*y = -2027756 - 1171519. List the prime factors of y.
3, 59, 241
Suppose w - 4*a - 348 = 0, 4*w + a + 1797 = 9*w. Suppose 0 = 5*x + 5*q - w, -4*q - 23 = -x + 29. List the prime factors of x.
2, 17
Let h(q) be the third derivative of -5/6*q**4 + 0*q - 16*q**2 - 7/2*q**3 + 0. What are the prime factors of h(-4)?
59
Suppose 6*k = 8*k - 164. Suppose -k = 3*p - 82. Suppose 3*j - 8*j + 150 = p. List the prime factors of j.
2, 3, 5
Let n be (39 + -27)*-149*3/(-4). Let y = -784 + n. What are the prime factors of y?
557
Let a = -660 + 1103. List the prime factors of a.
443
Suppose 3*y - 39 = 2*m + 8, 3*m + 98 = -y. Let k(b) = -b**2 - 44*b - 9. What are the prime factors of k(m)?
2, 197
Suppose -4*h + 1379*i = 1382*i - 54789, 3*i = 5*h - 68520. List the prime factors of h.
3, 4567
Suppose 0 = -47*s + 36*s - 7502. Let t = s - -1853. What are the prime factors of t?
1171
Suppose 178*v - 333019 - 3390848 = -101389. What are the prime factors of v?
47, 433
Let r = 6144 - -1608. What are the prime factors of r?
2, 3, 17, 19
Suppose 0 = -4*h + 2*j + 306, 3*j - 366 + 75 = -4*h. Let c = 416 + h. List the prime factors of c.
491
Suppose n - 3*x - 819 = 0, -5*x + 4055 = 17*n - 12*n. What are the prime factors of n?
3, 271
Suppose 4*b - 107*t = -105*t + 114854, -6*t + 6 = 0. What are the prime factors of b?
2, 7, 293
Let x be (-2 - 2) + -1 - 129/(-3). Suppose 36*u + 690 = x*u. List the prime factors of u.
3, 5, 23
Suppose 0 = -g - 3*r + 364, 7*g - 12*g - 4*r = -1787. Suppose -3*l + o = -4*l + 352, 2*o = -l + g. What are the prime factors of l?
349
Let g(b) = 8*b**2 - 9*b - 75. Let w(y) = y**2 + 2. Let j(a) = g(a) - 5*w(a). What are the prime factors of j(12)?
239
Suppose x + 5*v = -17, 3*x + 2*v = -v - 87. Let p(k) = 5*k**2 - 105*k - 66. Let l be p(22). Let s = l - x. List the prime factors of s.
2, 19
List the prime factors of ((-16)/(-24)*661)/(175/(-30) - -6).
2, 661
Suppose 8*i = -27*i - 11095. Let d = -257 - i. List the prime factors of d.
2, 3, 5
Let s(q) = -1003*q - 1103. List the prime factors of s(-13).
2, 373
Let x be (344/(-6))/((-26)/(-39)) + 2. Let z = 1125 - x. List the prime factors of z.
3, 13, 31
List the prime factors of 57012/9*(-279)/(-217)*(-7)/(-6).
2, 4751
Suppose r + 5690 - 10066 = 8789. List the prime factors of r.
5, 2633
What are the prime factors of ((-1)/(1/(-6546)))/(1232/1848)?
3, 1091
Suppose 14*h = -2*f + 16*h, -2*f + 3*h = 0. Suppose 860 = 4*b + 80. Suppose 2*q = -6, -a + q - 32 + b = f. What are the prime factors of a?
2, 5
Suppose 0 = -2*k - 5*i + 707, k - 229 = -3*i + 124. Suppose -k - 4390 = -14*l. List the prime factors of l.
3, 113
Let g = 307 + -304. Suppose 2*h - g = 5*t - 5, 4*h - 3*t - 10 = 0. What are the prime factors of h?
2
Let f be (-9 - (-84021)/8) + 3/8. What are the prime factors of (-2)/(f/(-2619) + 2 + 2)?
3, 97
Suppose 4*k + 3*g - 2*g = 4, 20 = -2*k + 5*g. Suppose k = -221*m + 216*m + 1480. What are the prime factors of m?
2, 37
List the prime factors of 7/(-175)*15 - (-46716)/10.
3, 173
Let u(n) = 2*n**2 - 4*n + 49. Let p be u(9). Suppose 0 = 2*m + 2*m + h - 189, 184 = 4*m - 4*h. Let o = p + m. What are the prime factors of o?
2, 3, 37
Let b = -1 - -295. What are the prime factors of ((-2)/6*3418)/(b/(-441))?
1709
Let t = 7163 + -4968. What are the prime factors of t?
5, 439
Let l(j) = j**3 - 4*j**2 + j + 2. Let r be l(3). Let w be (-2)/3*(-12 + 54/9). List the prime factors of r/(w/3)*-9.
3
Suppose 0 = 271*a + 18*a - 7691157. List the prime factors of a.
3, 2957
Let u = 183 - 180. Suppose 2*q - 6*q = u*g - 1161, -1143 = -3*g + 2*q. What are the prime factors of g?
383
Let k(s) = -14*s**2 - 435*s - 13. What are the prime factors of k(-25)?
2, 3, 11
Suppose 0 = -21*q + 1245 + 26181. What are the prime factors of q?
2, 653
Suppose c - 3*u = 7284, -32*u + 27*u - 7280 = -c. What are the prime factors of c?
2, 3, 5
What are the prime factors of 24/(192/(-16)) - -1430?
2, 3, 7, 17
Suppose 2*a + 199775 = 4*f - 67651, -3*f - a = -200592. List the prime factors of f.
3, 17, 19, 23
List the prime factors of 48985*(-3)/(-24) + (-31)/248.
3, 13, 157
Let i(g) = 742*g**2 + 3*g + 5. Let c(p) = -742*p**2 - 2*p - 6. Let m(s) = 3*c(s) + 4*i(s). List the prime factors of m(-1).
2, 3, 41
What are the prime factors of (272694/(-141))/(2/(-7))?
7, 967
Suppose 19*t + 5006 = n + 21*t, -3*n + 2*t + 15002 = 0. What are the prime factors of n?
2, 41, 61
Let f(k) = -1194*k**3 + 3*k**2 - 4*k - 1. Let d(p) = 1195*p**3 - 4*p**2 + 5*p + 2. Let z(r) = -2*d(r) - 3*f(r). What are the prime factors of z(1)?
2, 149
Let t(m) = -49*m - 105. Let i be t(11). Let r = 682 - i. List the prime factors of r.
2, 3, 13, 17
Let y = 20243 - 10935. What are the prime factors of y?
2, 13, 179
Suppose 25*f - 22*f - 2*n = -9871, -5*n = -2*f - 6577. List the prime factors of 4 + (f - -3)/(-3).
2, 5, 11
Let p be (-1 + (-94)/(-4))*(-90)/(-75). Suppose 24*f - p*f = -9. List the prime factors of f.
3
Let q = 14901 + 50776. What are the prime factors of q?
65677
Let b = -1420 + 4332. List the prime factors of b.
2, 7, 13
Let m(b) = 4*b**2 + 15*b - 71. Let x(n) = 12*n**2 + 47*n - 213. Let w(d) = 7*m(d) - 2*x(d). What are the prime factors of w(-16)?
3, 7, 37
Let n(y) = -14*y - 98. Let w be n(-24). Suppose 235*v = w*v - 1146. What are the prime factors of v?
2, 191
Let f(a) be the third derivative of a**5/12 + 5*a**4/24 + 14*a**3/3 + 158*a**2. List the prime factors of f(10).
2, 17
Let w(q) = -q**3 + 51*q**2 - 51*q + 64. Let s be w(50). Suppose 0*z = 3*z - 3. Let n = s - z. What are the prime factors of n?
13
Let l be (0/(6 - 10))/(-4). Suppose l = 8*f - 27*f + 5472. What are the prime factors of f?
2, 3
List the prime factors of (-42)/(-14)*-89*(-776)/12.
2, 89, 97
Let d = 914 - -1325. Suppose -12755 = -14*r + d. What are the prime factors of r?
3, 7, 17
Let p(r) = 2*r**2 - 3*r - 9. Let v be p(4). Let h(z) = 37*z - 14 - v + 24. List the prime factors of h(1).
2, 3
Let g = 21744 + -11952. List the prime factors of g.
2, 3, 17
Suppose 228*t - 672400 = 64*t. List the prime factors of t.
2, 5, 41
Suppose -n = -7*n - 444. Let v = n - -173. Suppose 3*i = -0*i + v. What are the prime factors of i?
3, 11
Suppose 9*h - 40 = -4. Let m = 7 - h. Let i(d) = -d**3 + 5*d**2 - d - 3. List the prime factors of i(m).
2, 3
Suppose 0*n = -4*n - 